{"id":206,"date":"2020-10-03T22:03:04","date_gmt":"2020-10-03T20:03:04","guid":{"rendered":"http:\/\/hdilhlf.cluster023.hosting.ovh.net\/?page_id=206"},"modified":"2020-10-03T22:08:54","modified_gmt":"2020-10-03T20:08:54","slug":"jills-et-gege-pilotes-experimentes","status":"publish","type":"page","link":"https:\/\/preprod.sensplaneur.fr\/index.php\/jills-et-gege-pilotes-experimentes\/","title":{"rendered":"Jills et G\u00e9g\u00e9, pilotes exp\u00e9riment\u00e9s"},"content":{"rendered":"\n<div class=\"wp-block-themeisle-blocks-advanced-columns has-1-columns has-desktop-equal-layout has-tablet-equal-layout has-mobile-equal-layout has-default-gap has-vertical-unset\" id=\"wp-block-themeisle-blocks-advanced-columns-bbec8d35\"><div class=\"wp-block-themeisle-blocks-advanced-columns-overlay\"><\/div><div class=\"innerblocks-wrap\">\n<div class=\"wp-block-themeisle-blocks-advanced-column\" id=\"wp-block-themeisle-blocks-advanced-column-63449888\">\n<p class=\"has-drop-cap\"><strong>Lorem Ipsum<\/strong>\u00a0is simply dummy text of the printing and typesetting industry. Lorem Ipsum has been the industry&#8217;s standard dummy text ever since the 1500s, when an unknown printer took a galley of type and scrambled it to make a type specimen book. It has survived not only five centuries, but also the leap into electronic typesetting, remaining essentially unchanged. It was popularised in the 1960s with the release of Letraset sheets containing Lorem Ipsum passages, and more recently with desktop publishing software like Aldus PageMaker including versions of Lorem Ipsum.<\/p>\n<\/div>\n<\/div><\/div>\n","protected":false},"excerpt":{"rendered":"","protected":false},"author":1,"featured_media":0,"parent":0,"menu_order":0,"comment_status":"closed","ping_status":"closed","template":"","meta":[],"yoast_head":"<!-- This site is optimized with the Yoast SEO plugin v14.9 - https:\/\/yoast.com\/wordpress\/plugins\/seo\/ -->\n<title>Jills et G\u00e9g\u00e9, pilotes exp\u00e9riment\u00e9s - Sens Planeur<\/title>\n<meta name=\"robots\" content=\"noindex, follow, max-snippet:-1, max-image-preview:large, max-video-preview:-1\" \/>\n<meta property=\"og:locale\" content=\"en_US\" \/>\n<meta property=\"og:type\" content=\"article\" \/>\n<meta property=\"og:title\" content=\"Jills et G\u00e9g\u00e9, pilotes exp\u00e9riment\u00e9s - Sens Planeur\" \/>\n<meta property=\"og:url\" content=\"http:\/\/hdilhlf.cluster023.hosting.ovh.net\/index.php\/jills-et-gege-pilotes-experimentes\/\" \/>\n<meta property=\"og:site_name\" content=\"Sens Planeur\" \/>\n<meta property=\"article:publisher\" content=\"https:\/\/www.facebook.com\/planeursens\/\" \/>\n<meta property=\"article:modified_time\" content=\"2020-10-03T20:08:54+00:00\" \/>\n<meta name=\"twitter:card\" content=\"summary_large_image\" \/>\n<script type=\"application\/ld+json\" class=\"yoast-schema-graph\">{\"@context\":\"https:\/\/schema.org\",\"@graph\":[{\"@type\":\"Organization\",\"@id\":\"https:\/\/preprod.sensplaneur.fr\/#organization\",\"name\":\"Sens Planeur\",\"url\":\"https:\/\/preprod.sensplaneur.fr\/\",\"sameAs\":[\"https:\/\/www.facebook.com\/planeursens\/\",\"https:\/\/www.instagram.com\/planeur_sens\/\"],\"logo\":{\"@type\":\"ImageObject\",\"@id\":\"https:\/\/preprod.sensplaneur.fr\/#logo\",\"inLanguage\":\"en-US\",\"url\":\"https:\/\/preprod.sensplaneur.fr\/wp-content\/uploads\/2020\/09\/logo_sens-planeur-300x300-1.png\",\"width\":300,\"height\":300,\"caption\":\"Sens Planeur\"},\"image\":{\"@id\":\"https:\/\/preprod.sensplaneur.fr\/#logo\"}},{\"@type\":\"WebSite\",\"@id\":\"https:\/\/preprod.sensplaneur.fr\/#website\",\"url\":\"https:\/\/preprod.sensplaneur.fr\/\",\"name\":\"Sens Planeur\",\"description\":\"Club de planeur en Bourgogne\",\"publisher\":{\"@id\":\"https:\/\/preprod.sensplaneur.fr\/#organization\"},\"potentialAction\":[{\"@type\":\"SearchAction\",\"target\":\"https:\/\/preprod.sensplaneur.fr\/?s={search_term_string}\",\"query-input\":\"required name=search_term_string\"}],\"inLanguage\":\"en-US\"},{\"@type\":\"WebPage\",\"@id\":\"http:\/\/hdilhlf.cluster023.hosting.ovh.net\/index.php\/jills-et-gege-pilotes-experimentes\/#webpage\",\"url\":\"http:\/\/hdilhlf.cluster023.hosting.ovh.net\/index.php\/jills-et-gege-pilotes-experimentes\/\",\"name\":\"Jills et G\\u00e9g\\u00e9, pilotes exp\\u00e9riment\\u00e9s - Sens Planeur\",\"isPartOf\":{\"@id\":\"https:\/\/preprod.sensplaneur.fr\/#website\"},\"datePublished\":\"2020-10-03T20:03:04+00:00\",\"dateModified\":\"2020-10-03T20:08:54+00:00\",\"inLanguage\":\"en-US\",\"potentialAction\":[{\"@type\":\"ReadAction\",\"target\":[\"http:\/\/hdilhlf.cluster023.hosting.ovh.net\/index.php\/jills-et-gege-pilotes-experimentes\/\"]}]}]}<\/script>\n<!-- \/ Yoast SEO plugin. -->","_links":{"self":[{"href":"https:\/\/preprod.sensplaneur.fr\/index.php\/wp-json\/wp\/v2\/pages\/206"}],"collection":[{"href":"https:\/\/preprod.sensplaneur.fr\/index.php\/wp-json\/wp\/v2\/pages"}],"about":[{"href":"https:\/\/preprod.sensplaneur.fr\/index.php\/wp-json\/wp\/v2\/types\/page"}],"author":[{"embeddable":true,"href":"https:\/\/preprod.sensplaneur.fr\/index.php\/wp-json\/wp\/v2\/users\/1"}],"replies":[{"embeddable":true,"href":"https:\/\/preprod.sensplaneur.fr\/index.php\/wp-json\/wp\/v2\/comments?post=206"}],"version-history":[{"count":2,"href":"https:\/\/preprod.sensplaneur.fr\/index.php\/wp-json\/wp\/v2\/pages\/206\/revisions"}],"predecessor-version":[{"id":209,"href":"https:\/\/preprod.sensplaneur.fr\/index.php\/wp-json\/wp\/v2\/pages\/206\/revisions\/209"}],"wp:attachment":[{"href":"https:\/\/preprod.sensplaneur.fr\/index.php\/wp-json\/wp\/v2\/media?parent=206"}],"curies":[{"name":"wp","href":"https:\/\/api.w.org\/{rel}","templated":true}]}}