{"id":120,"date":"2020-10-01T00:19:35","date_gmt":"2020-09-30T22:19:35","guid":{"rendered":"http:\/\/hdilhlf.cluster023.hosting.ovh.net\/?page_id=120"},"modified":"2020-10-03T20:56:11","modified_gmt":"2020-10-03T18:56:11","slug":"le-vol-dinitiation","status":"publish","type":"page","link":"https:\/\/preprod.sensplaneur.fr\/index.php\/combien-ca-coute-de-voler-en-planeur\/le-vol-dinitiation\/","title":{"rendered":"Le vol d&#8217;initiation"},"content":{"rendered":"\n<h2>Combien co\u00fbte un vol d&#8217;initiation au planeur ?<\/h2>\n\n\n\n<p>Apr\u00e8s un briefing de s\u00e9curit\u00e9 et une pr\u00e9sentation de la machine, votre premier vol en planeur vous co\u00fbtera <strong>75\u20ac<\/strong>.<br>Il durera 30 minutes environ.<\/p>\n\n\n\n<h2>Comment r\u00e9server ? <\/h2>\n\n\n\n<p>Notre activit\u00e9 est tributaire de la m\u00e9t\u00e9o, contactez-nous avant de venir afin de vous assurez que les conditions sont favorables au vol et qu&#8217;un pilote sera disponible pour vous accueillir.<\/p>\n\n\n\n<div class=\"wp-block-buttons aligncenter\">\n<div class=\"wp-block-button\"><a class=\"wp-block-button__link has-text-color has-background\" href=\"\/index.php\/contact\/\" style=\"border-radius:2px;background-color:#ba0c49;color:#fffffa\">Nous contacter<\/a><\/div>\n<\/div>\n\n\n\n<h2>Offrir un vol<\/h2>\n\n\n\n<div class=\"wp-block-columns\">\n<div class=\"wp-block-column\" style=\"flex-basis:33.33%\">\n<p class=\"wp-block-themeisle-blocks-font-awesome-icons\" id=\"wp-block-themeisle-blocks-font-awesome-icons-4010c27a\"><span class=\"wp-block-themeisle-blocks-font-awesome-icons-container\"><i class=\"fas fa-gift\"><\/i><\/span><\/p>\n<\/div>\n\n\n\n<div class=\"wp-block-column\" style=\"flex-basis:66.66%\">\n<p>Il est tout \u00e0 fait possible d&#8217;offrir un vol, nous proposons des bons cadeaux valables 1 an.<\/p>\n<\/div>\n<\/div>\n\n\n\n<h2>A quel moment venir ?<\/h2>\n\n\n\n<ul><li>Les vols se font d&#8217;avril \u00e0 septembre, l&#8217;apr\u00e8s midi<\/li><li>Le club est ouvert&nbsp; le mercredi, samedi, le dimanche et les jours f\u00e9ri\u00e9s.<\/li><li>En juillet et en ao\u00fbt, le club est ouvert tous les jours.<\/li><\/ul>\n\n\n\n<div class=\"wp-block-image\"><figure class=\"aligncenter size-large\"><img loading=\"lazy\" width=\"1024\" height=\"768\" src=\"http:\/\/hdilhlf.cluster023.hosting.ovh.net\/wp-content\/uploads\/2020\/10\/planeurs-alignes-en-piste-Sens-Planeur-1024x768.jpg\" alt=\"\" class=\"wp-image-175\" srcset=\"https:\/\/preprod.sensplaneur.fr\/wp-content\/uploads\/2020\/10\/planeurs-alignes-en-piste-Sens-Planeur-1024x768.jpg 1024w, https:\/\/preprod.sensplaneur.fr\/wp-content\/uploads\/2020\/10\/planeurs-alignes-en-piste-Sens-Planeur-300x225.jpg 300w, https:\/\/preprod.sensplaneur.fr\/wp-content\/uploads\/2020\/10\/planeurs-alignes-en-piste-Sens-Planeur-768x576.jpg 768w, https:\/\/preprod.sensplaneur.fr\/wp-content\/uploads\/2020\/10\/planeurs-alignes-en-piste-Sens-Planeur-1536x1152.jpg 1536w, https:\/\/preprod.sensplaneur.fr\/wp-content\/uploads\/2020\/10\/planeurs-alignes-en-piste-Sens-Planeur-2048x1536.jpg 2048w\" sizes=\"(max-width: 1024px) 100vw, 1024px\" \/><figcaption><em>Planeurs align\u00e9s en pistes. Le ciel est rempli de nuages de type &#8220;cumulus&#8221;, favorables au vol en planeur<\/em><\/figcaption><\/figure><\/div>\n\n\n\n<h2>Comment s&#8217;habiller ?<\/h2>\n\n\n\n<p>Privil\u00e9giez une tenue confortable et des chaussures plates ( jupe d\u00e9conseill\u00e9e ) et de saison. &nbsp;<\/p>\n\n\n\n<p>En planeur, des lunettes de soleil et un chapeau ( bob ou casquette ) sont obligatoires.<\/p>\n\n\n\n<div class=\"wp-block-image\"><figure class=\"aligncenter size-large\"><img loading=\"lazy\" width=\"1024\" height=\"768\" src=\"http:\/\/hdilhlf.cluster023.hosting.ovh.net\/wp-content\/uploads\/2020\/10\/Luc-Alexandre-Duo-Discus-Sens-Planeur-1024x768.jpg\" alt=\"\" class=\"wp-image-173\" srcset=\"https:\/\/preprod.sensplaneur.fr\/wp-content\/uploads\/2020\/10\/Luc-Alexandre-Duo-Discus-Sens-Planeur-1024x768.jpg 1024w, https:\/\/preprod.sensplaneur.fr\/wp-content\/uploads\/2020\/10\/Luc-Alexandre-Duo-Discus-Sens-Planeur-300x225.jpg 300w, https:\/\/preprod.sensplaneur.fr\/wp-content\/uploads\/2020\/10\/Luc-Alexandre-Duo-Discus-Sens-Planeur-768x576.jpg 768w, https:\/\/preprod.sensplaneur.fr\/wp-content\/uploads\/2020\/10\/Luc-Alexandre-Duo-Discus-Sens-Planeur-1536x1152.jpg 1536w, https:\/\/preprod.sensplaneur.fr\/wp-content\/uploads\/2020\/10\/Luc-Alexandre-Duo-Discus-Sens-Planeur-2048x1536.jpg 2048w\" sizes=\"(max-width: 1024px) 100vw, 1024px\" \/><figcaption>Tenue confortable, lunettes et chapeaux, pour un vol agr\u00e9able en toute s\u00e9curit\u00e9<\/figcaption><\/figure><\/div>\n\n\n\n<h2>Conditions particuli\u00e8res<\/h2>\n\n\n\n<p>poids \/ age \/ etc<\/p>\n\n\n\n<div class=\"wp-block-themeisle-blocks-advanced-columns has-1-columns has-desktop-equal-layout has-tablet-equal-layout has-mobile-equal-layout has-default-gap has-vertical-unset\" id=\"wp-block-themeisle-blocks-advanced-columns-9add5eb8\"><div class=\"wp-block-themeisle-blocks-advanced-columns-overlay\"><\/div><div class=\"innerblocks-wrap\">\n<div class=\"wp-block-themeisle-blocks-advanced-column\" id=\"wp-block-themeisle-blocks-advanced-column-6d72c92c\"><\/div>\n<\/div><\/div>\n","protected":false},"excerpt":{"rendered":"<p>Combien co\u00fbte un vol d&#8217;initiation au planeur ? Apr\u00e8s un briefing de s\u00e9curit\u00e9 et une pr\u00e9sentation de la machine, votre premier vol en planeur vous co\u00fbtera 75\u20ac.Il durera 30 minutes environ. Comment r\u00e9server ? Notre activit\u00e9 est tributaire de la m\u00e9t\u00e9o, contactez-nous avant de venir afin de vous assurez que [&hellip;]<\/p>\n","protected":false},"author":1,"featured_media":179,"parent":53,"menu_order":0,"comment_status":"closed","ping_status":"closed","template":"","meta":[],"yoast_head":"<!-- This site is optimized with the Yoast SEO plugin v14.9 - https:\/\/yoast.com\/wordpress\/plugins\/seo\/ -->\n<title>Le vol d&#039;initiation - Sens Planeur<\/title>\n<meta name=\"robots\" content=\"noindex, follow, max-snippet:-1, max-image-preview:large, max-video-preview:-1\" \/>\n<meta property=\"og:locale\" content=\"en_US\" \/>\n<meta property=\"og:type\" content=\"article\" \/>\n<meta property=\"og:title\" content=\"Le vol d&#039;initiation - Sens Planeur\" \/>\n<meta property=\"og:description\" content=\"Combien co\u00fbte un vol d&#8217;initiation au planeur ? Apr\u00e8s un briefing de s\u00e9curit\u00e9 et une pr\u00e9sentation de la machine, votre premier vol en planeur vous co\u00fbtera 75\u20ac.Il durera 30 minutes environ. Comment r\u00e9server ? Notre activit\u00e9 est tributaire de la m\u00e9t\u00e9o, contactez-nous avant de venir afin de vous assurez que [&hellip;]\" \/>\n<meta property=\"og:url\" content=\"http:\/\/hdilhlf.cluster023.hosting.ovh.net\/index.php\/combien-ca-coute-de-voler-en-planeur\/le-vol-dinitiation\/\" \/>\n<meta property=\"og:site_name\" content=\"Sens Planeur\" \/>\n<meta property=\"article:publisher\" content=\"https:\/\/www.facebook.com\/planeursens\/\" \/>\n<meta property=\"article:modified_time\" content=\"2020-10-03T18:56:11+00:00\" \/>\n<meta property=\"og:image\" content=\"https:\/\/preprod.sensplaneur.fr\/wp-content\/uploads\/2020\/10\/Vincent-VI-enfants-Sens-Planeur-scaled.jpg\" \/>\n\t<meta property=\"og:image:width\" content=\"2560\" \/>\n\t<meta property=\"og:image:height\" content=\"1920\" \/>\n<meta name=\"twitter:card\" content=\"summary_large_image\" \/>\n<script type=\"application\/ld+json\" class=\"yoast-schema-graph\">{\"@context\":\"https:\/\/schema.org\",\"@graph\":[{\"@type\":\"Organization\",\"@id\":\"https:\/\/preprod.sensplaneur.fr\/#organization\",\"name\":\"Sens Planeur\",\"url\":\"https:\/\/preprod.sensplaneur.fr\/\",\"sameAs\":[\"https:\/\/www.facebook.com\/planeursens\/\",\"https:\/\/www.instagram.com\/planeur_sens\/\"],\"logo\":{\"@type\":\"ImageObject\",\"@id\":\"https:\/\/preprod.sensplaneur.fr\/#logo\",\"inLanguage\":\"en-US\",\"url\":\"https:\/\/preprod.sensplaneur.fr\/wp-content\/uploads\/2020\/09\/logo_sens-planeur-300x300-1.png\",\"width\":300,\"height\":300,\"caption\":\"Sens Planeur\"},\"image\":{\"@id\":\"https:\/\/preprod.sensplaneur.fr\/#logo\"}},{\"@type\":\"WebSite\",\"@id\":\"https:\/\/preprod.sensplaneur.fr\/#website\",\"url\":\"https:\/\/preprod.sensplaneur.fr\/\",\"name\":\"Sens Planeur\",\"description\":\"Club de planeur en Bourgogne\",\"publisher\":{\"@id\":\"https:\/\/preprod.sensplaneur.fr\/#organization\"},\"potentialAction\":[{\"@type\":\"SearchAction\",\"target\":\"https:\/\/preprod.sensplaneur.fr\/?s={search_term_string}\",\"query-input\":\"required name=search_term_string\"}],\"inLanguage\":\"en-US\"},{\"@type\":\"ImageObject\",\"@id\":\"http:\/\/hdilhlf.cluster023.hosting.ovh.net\/index.php\/combien-ca-coute-de-voler-en-planeur\/le-vol-dinitiation\/#primaryimage\",\"inLanguage\":\"en-US\",\"url\":\"https:\/\/preprod.sensplaneur.fr\/wp-content\/uploads\/2020\/10\/Vincent-VI-enfants-Sens-Planeur-scaled.jpg\",\"width\":2560,\"height\":1920},{\"@type\":\"WebPage\",\"@id\":\"http:\/\/hdilhlf.cluster023.hosting.ovh.net\/index.php\/combien-ca-coute-de-voler-en-planeur\/le-vol-dinitiation\/#webpage\",\"url\":\"http:\/\/hdilhlf.cluster023.hosting.ovh.net\/index.php\/combien-ca-coute-de-voler-en-planeur\/le-vol-dinitiation\/\",\"name\":\"Le vol d'initiation - Sens Planeur\",\"isPartOf\":{\"@id\":\"https:\/\/preprod.sensplaneur.fr\/#website\"},\"primaryImageOfPage\":{\"@id\":\"http:\/\/hdilhlf.cluster023.hosting.ovh.net\/index.php\/combien-ca-coute-de-voler-en-planeur\/le-vol-dinitiation\/#primaryimage\"},\"datePublished\":\"2020-09-30T22:19:35+00:00\",\"dateModified\":\"2020-10-03T18:56:11+00:00\",\"inLanguage\":\"en-US\",\"potentialAction\":[{\"@type\":\"ReadAction\",\"target\":[\"http:\/\/hdilhlf.cluster023.hosting.ovh.net\/index.php\/combien-ca-coute-de-voler-en-planeur\/le-vol-dinitiation\/\"]}]}]}<\/script>\n<!-- \/ Yoast SEO plugin. -->","_links":{"self":[{"href":"https:\/\/preprod.sensplaneur.fr\/index.php\/wp-json\/wp\/v2\/pages\/120"}],"collection":[{"href":"https:\/\/preprod.sensplaneur.fr\/index.php\/wp-json\/wp\/v2\/pages"}],"about":[{"href":"https:\/\/preprod.sensplaneur.fr\/index.php\/wp-json\/wp\/v2\/types\/page"}],"author":[{"embeddable":true,"href":"https:\/\/preprod.sensplaneur.fr\/index.php\/wp-json\/wp\/v2\/users\/1"}],"replies":[{"embeddable":true,"href":"https:\/\/preprod.sensplaneur.fr\/index.php\/wp-json\/wp\/v2\/comments?post=120"}],"version-history":[{"count":10,"href":"https:\/\/preprod.sensplaneur.fr\/index.php\/wp-json\/wp\/v2\/pages\/120\/revisions"}],"predecessor-version":[{"id":190,"href":"https:\/\/preprod.sensplaneur.fr\/index.php\/wp-json\/wp\/v2\/pages\/120\/revisions\/190"}],"up":[{"embeddable":true,"href":"https:\/\/preprod.sensplaneur.fr\/index.php\/wp-json\/wp\/v2\/pages\/53"}],"wp:featuredmedia":[{"embeddable":true,"href":"https:\/\/preprod.sensplaneur.fr\/index.php\/wp-json\/wp\/v2\/media\/179"}],"wp:attachment":[{"href":"https:\/\/preprod.sensplaneur.fr\/index.php\/wp-json\/wp\/v2\/media?parent=120"}],"curies":[{"name":"wp","href":"https:\/\/api.w.org\/{rel}","templated":true}]}}